{"id":5,"date":"2012-04-27T11:50:04","date_gmt":"2012-04-27T11:50:04","guid":{"rendered":"http:\/\/dotorismyblog.com\/de\/?page_id=5"},"modified":"2012-04-27T11:50:04","modified_gmt":"2012-04-27T11:50:04","slug":"uber-uns","status":"publish","type":"page","link":"https:\/\/dotorismyblog.com\/germany\/uber-uns\/","title":{"rendered":"\u00dcber uns"},"content":{"rendered":"<p>DotorisMyBlog hat sich ganz dem Verbraucher gewidmet. Mit soviel eigenn\u00fctzigem Interesse, Menschen zum kaufen, kaufen, und noch mehr kaufen zu veranlassen, glauben wir, dass es unerl\u00e4sslich ist, ein verl\u00e4ssliche Quelle f\u00fcr ehrliche Einsch\u00e4tzungen, Auswertungen und Empfehlungen und f\u00fcr Verbrauchsg\u00fcter zur Verf\u00fcgung zu stellen. Die Elemente, die wir ber\u00fccksichtigen, schlie\u00dfen den Service einer Firma, die Qualit\u00e4t der Produkte, Anlieferung und R\u00fccknahmeservice und gesamte online Kaufenerfahrung ein. Aber wir gehen sogar noch ein Schritt weiter, weil es so wichtig ist, nicht nur das richtige Produkt sondern auch das richtige  Produkt zum richtigen Preis zu finden.<\/p>\n<p>Darum haben ein Team komplett darauf abgestellt, die \u00dcberwachung des Internets zu \u00fcbernehmen, um s\u00e4mtliche Angebote, Rabatte, Deals und Promotions, die von H\u00e4ndlern angeboten werden, auf den Grund zu gehen. Sie filtern und destillieren dann diese Informationen in einfach zu verdauende Kost und teilen sie zusammen mit vielen unserer Berichte der Leserschaft mit. Dies stellt sicher, dass unsere Leser immer \u00fcber die neuesten und aktuellsten Kaufgelegenheiten informiert werden, ohne die Kopfschmerzen, die Seiten selbst jagen und durchsuchen zu m\u00fcssen. Wir leiten Informationen dar\u00fcber weiter, was Sie sparen k\u00f6nnten, wie einzelne Promotions funktionieren, wann sie beim Kaufprozess ins Spiel kommen und wie lange sie angeboten werden.<\/p>\n<p>Unser Ziel ist eine engagierte Folgerschaft und wiederkehrende Leserschaft. Versehen Sie unsere Seite einfach mit einem Lesezeichen und benutzen Sie sie als F\u00fchrer, immer wenn Sie sich dazu entscheiden, etwas zu kaufen und mehr Information ben\u00f6tigen, bevor Sie den Kopfsprung wagen. Und um die besten Resultate zu garantieren, kommen Sie am besten regelm\u00e4\u00dfig bei uns vorbei und kaufen genau das Richtige. Wir m\u00f6chten, dass Sie, unsere Leser, sich die Macht zur\u00fcckholen und Ihr hartverdientes Geld wieder f\u00fcr sich arbeiten lassen.<\/p>\n","protected":false},"excerpt":{"rendered":"<p>DotorisMyBlog hat sich ganz dem Verbraucher gewidmet. Mit soviel eigenn\u00fctzigem Interesse, Menschen zum kaufen, kaufen, und noch mehr kaufen zu veranlassen, glauben wir, dass es unerl\u00e4sslich ist, ein verl\u00e4ssliche Quelle f\u00fcr ehrliche Einsch\u00e4tzungen, Auswertungen und Empfehlungen und f\u00fcr Verbrauchsg\u00fcter zur Verf\u00fcgung zu stellen. Die Elemente, die wir ber\u00fccksichtigen, schlie\u00dfen den Service einer Firma, die Qualit\u00e4t &hellip; <a href=\"https:\/\/dotorismyblog.com\/germany\/uber-uns\/\" class=\"more-link\">Continue reading <span class=\"screen-reader-text\">\u00dcber uns<\/span><\/a><\/p>\n","protected":false},"author":1,"featured_media":0,"parent":0,"menu_order":0,"comment_status":"open","ping_status":"open","template":"","meta":{"footnotes":""},"class_list":["post-5","page","type-page","status-publish","hentry"],"_links":{"self":[{"href":"https:\/\/dotorismyblog.com\/germany\/wp-json\/wp\/v2\/pages\/5","targetHints":{"allow":["GET"]}}],"collection":[{"href":"https:\/\/dotorismyblog.com\/germany\/wp-json\/wp\/v2\/pages"}],"about":[{"href":"https:\/\/dotorismyblog.com\/germany\/wp-json\/wp\/v2\/types\/page"}],"author":[{"embeddable":true,"href":"https:\/\/dotorismyblog.com\/germany\/wp-json\/wp\/v2\/users\/1"}],"replies":[{"embeddable":true,"href":"https:\/\/dotorismyblog.com\/germany\/wp-json\/wp\/v2\/comments?post=5"}],"version-history":[{"count":1,"href":"https:\/\/dotorismyblog.com\/germany\/wp-json\/wp\/v2\/pages\/5\/revisions"}],"predecessor-version":[{"id":6,"href":"https:\/\/dotorismyblog.com\/germany\/wp-json\/wp\/v2\/pages\/5\/revisions\/6"}],"wp:attachment":[{"href":"https:\/\/dotorismyblog.com\/germany\/wp-json\/wp\/v2\/media?parent=5"}],"curies":[{"name":"wp","href":"https:\/\/api.w.org\/{rel}","templated":true}]}}